vide 4557186?
False
Is 190456 a multiple of 5?
False
Is 12 a factor of 34368?
True
Is 67 a factor of 2750?
False
Is 311900 a multiple of 100?
True
Does 18 divide 328554?
True
Does 12 divide 148404?
True
Is 284084 a multiple of 124?
True
Is 78 a factor of 339819?
False
Does 372 divide 1211452?
False
Is 3645765 a multiple of 45?
True
Is 17 a factor of 36617?
False
Does 26 divide 205462?
False
Is 111 a factor of 443826?
False
Does 37 divide 102009?
True
Is 1098 a factor of 1953119?
False
Does 81 divide 96228?
True
Is 19 a factor of 219525?
False
Does 19 divide 18419379?
True
Is 401 a factor of 5001799?
False
Is 363 a factor of 3000558?
True
Is 9 a factor of 6344860?
False
Does 21 divide 183813?
True
Does 4 divide 179907?
False
Does 4 divide 428456?
True
Is 59 a factor of 263795?
False
Is 5 a factor of 15066?
False
Is 44046 a multiple of 2?
True
Is 47 a factor of 238337?
True
Is 123 a factor of 17712?
True
Does 22 divide 675664?
True
Is 2731284 a multiple of 35?
False
Does 123 divide 8830416?
True
Is 28 a factor of 27230?
False
Is 128 a factor of 3005778?
False
Does 272 divide 80951?
False
Does 13 divide 172213?
False
Is 172 a factor of 47472?
True
Is 19 a factor of 5199737?
False
Is 2688906 a multiple of 33?
True
Is 35 a factor of 15645?
True
Is 1227507 a multiple of 26?
False
Does 37 divide 71743?
True
Is 134 a factor of 1597284?
False
Is 632544 a multiple of 599?
True
Is 93 a factor of 6104949?
False
Is 49392 a multiple of 72?
True
Is 10843550 a multiple of 1583?
True
Does 74 divide 2230730?
True
Is 323544 a multiple of 1586?
True
Does 102 divide 16718922?
True
Is 61 a factor of 168726?
True
Is 76676 a multiple of 58?
True
Is 887832 a multiple of 7?
False
Is 28 a factor of 4704388?
False
Is 331 a factor of 887717?
False
Is 1769 a multiple of 24?
False
Is 801 a factor of 12991419?
True
Is 3 a factor of 675977?
False
Is 16 a factor of 520155?
False
Is 238 a factor of 209116?
False
Is 230 a factor of 1139884?
False
Does 122 divide 1104222?
True
Does 458 divide 7080263?
False
Is 5998161 a multiple of 74?
False
Is 661289 a multiple of 56?
False
Is 3 a factor of 2091051?
True
Is 103356 a multiple of 44?
True
Is 34 a factor of 17810050?
True
Is 266160 a multiple of 6?
True
Does 66 divide 334327?
False
Is 45 a factor of 216770?
False
Is 16 a factor of 3295872?
True
Does 17 divide 20990372?
False
Is 24 a factor of 4077938?
False
Is 1837128 a multiple of 1867?
True
Is 117719 a multiple of 67?
True
Is 539182 a multiple of 14?
True
Is 11 a factor of 155804?
True
Does 58 divide 5384190?
False
Is 9393432 a multiple of 12?
True
Does 329 divide 16245011?
False
Does 6 divide 118335?
False
Is 19 a factor of 525008?
True
Does 72 divide 4176?
True
Is 915433 a multiple of 342?
False
Is 20 a factor of 268180?
True
Does 66 divide 158928?
True
Is 9065000 a multiple of 7?
True
Does 19 divide 971617?
False
Is 5 a factor of 419640?
True
Is 822423 a multiple of 97?
False
Does 6 divide 580270?
False
Is 288 a factor of 4091328?
True
Is 1012526 a multiple of 170?
False
Is 5110358 a multiple of 1474?
True
Does 12 divide 51844?
False
Does 20 divide 78720?
True
Is 9 a factor of 59301?
True
Does 166 divide 5838086?
False
Is 256986 a multiple of 118?
False
Is 628672 a multiple of 76?
True
Is 1232175 a multiple of 3?
True
Is 75 a factor of 3129900?
True
Is 23 a factor of 2108682?
False
Is 8797362 a multiple of 294?
True
Is 7 a factor of 24931?
False
Is 300 a factor of 841511?
False
Does 944 divide 43424?
True
Is 364110 a multiple of 53?
True
Is 29 a factor of 657981?
True
Is 59031 a multiple of 24?
False
Is 4825590 a multiple of 55?
True
Is 142 a factor of 991728?
True
Does 9 divide 38354?
False
Is 55592 a multiple of 10?
False
Is 138240 a multiple of 512?
True
Does 197 divide 48320?
False
Does 43 divide 10454116?
False
Does 25 divide 5136400?
True
Does 9 divide 36604?
False
Is 1161966 a multiple of 13?
True
Is 1941831 a multiple of 191?
False
Does 233 divide 14213?
True
Is 28973 a multiple of 18?
False
Is 515725 a multiple of 25?
True
Is 616 a factor of 1556016?
True
Does 153 divide 930279?
False
Is 35 a factor of 56531?
False
Does 170 divide 186998?
False
Is 190763 a multiple of 48?
False
Is 876225 a multiple of 17?
False
Is 5992039 a multiple of 7?
False
Does 46 divide 40940?
True
Is 104533 a multiple of 22?
False
Is 67 a factor of 2858019?
True
Is 143464 a multiple of 79?
True
Is 620 a factor of 870391?
False
Is 466469 a multiple of 75?
False
Is 429 a factor of 201201?
True
Is 89107 a multiple of 4?
False
Is 4 a factor of 111646?
False
Is 45570 a multiple of 42?
True
Is 17 a factor of 4216?
True
Is 20 a factor of 255040?
True
Is 2330410 a multiple of 34?
False
Does 10 divide 6823?
False
Is 3 a factor of 737983?
False
Is 11 a factor of 194336?
False
Is 591061 a multiple of 25?
False
Does 81 divide 144980?
False
Is 2868550 a multiple of 206?
True
Is 223 a factor of 2140800?
True
Is 1363380 a multiple of 465?
True
Is 6981412 a multiple of 75?
False
Is 15 a factor of 62801?
False
Is 23793124 a multiple of 34?
False
Is 16 a factor of 602448?
True
Is 162 a factor of 10261728?
True
Is 4180880 a multiple of 386?
False
Does 394 divide 317564?
True
Does 201 divide 175641?
False
Is 165444 a multiple of 102?
True
Is 16 a factor of 232540?
False
Does 85 divide 3858869?
False
Is 3007261 a multiple of 347?
False
Does 115 divide 2293790?
True
Is 75 a factor of 3716175?
True
Is 105547 a multiple of 2?
False
Is 5 a factor of 40223?
False
Is 1586443 a multiple of 291?
False
Does 15 divide 3645688?
False
Is 67885 a multiple of 53?
False
Does 31 divide 571974?
False
Does 139 divide 52264?
True
Is 185655 a multiple of 265?
False
Does 78 divide 7283094?
True
Does 44 divide 11405812?
True
Does 37 divide 32190?
True
Is 58 a factor of 54112?
False
Is 34200 a multiple of 30?
True
Does 102 divide 72763?
False
Does 77 divide 637144?
False
Is 13 a factor of 3881111?
True
Is 18766902 a multiple of 68?
False
Is 5118503 a multiple of 36?
False
Is 49 a factor of 10863?
False
Does 2353 divide 8233147?
True
Is 14 a factor of 382858?
True
Is 593804 a multiple of 34?
False
Is 476 a factor of 171118?
False
Is 1062 a factor of 7163577?
False
Is 3207204 a multiple of 77?
True
Is 10 a factor of 721884?
False
Is 143136 a multiple of 284?
True
Does 916 divide 1037222?
False
Does 2 divide 53807?
False
Does 11 divide 13601478?
True
Does 49 divide 4698553?
False
Is 9 a factor of 836766?
True
Is 4326960 a multiple of 110?
True
Is 588773 a multiple of 9?
False
Does 97 divide 939485?
False
Is 26 a factor of 155064?
True
Is 1688 a factor of 16018676?
False
Is 209371 a multiple of 27?
False
Is 10926133 a multiple of 820?
False
Does 12 divide 178596?
True
Is 801405 a multiple of 45?
True
Is 800415 a multiple of 49?
True
Is 95810 a multiple of 737?
True
Does 128 divide 6647216?
False
Is 221 a factor of 9261447?
True
Does 18 divide 136760?
False
Is 115388 a multiple of 26?
True
Does 842 divide 5117288?
False
Is 46 a factor of 1006250?
True
Is 238271 a multiple of 11?
True
Does 221 divide 674934?
True
Is 187068 a multiple of 262?
True
Is 819304 a multiple of 16?
False
Is 23712 a multiple of 96?
True
Is 3694556 a multiple of 17?
False
Does 858 divide 1468896?
True
Is 50356 a multiple of 103?
False
Is 192 a factor of 161180?
False
Does 6 divide 4159?
False
Does 127 divide 2936748?
True
Is 231714 a multiple of 14?
True
Is 794 a factor of 991443?
False
Does 235 divide 215495?
True
Does 418 divide 4953395?
False
Is 419 a factor of 3864386?
False
Does 237 divide 3040545?
False
Does 237 divide 3723343?
False
Is 370364 a multiple of 103?
False
Is 60 a factor of 2874186?
False
Is 704742 a multiple of 219?
True
Is 84095 a multiple of 53?
False
Is 1871613 a multiple of 27?
True
Is 225 a factor of 87975?
True
Does 3 divide 65908?
False
Does 15 divide 188415?
True
Is 1850033 a multiple of 43?
False
Is 546175 a multiple of 20?
False
Is 238 a factor of 417444?
False
Is 472931 a multiple of 185?
False
Is 7115316 a multiple of 6?
True
Does 64 divide 5438464?
True
Does 41 divide 394092?
True
Is 1049 a factor of 1885298?
False
Is 28 a factor of 927108?
True
Does 337 divide 185350?
True
Does 221 divide 2153866?
True
Is 119367 a multiple of 260?
False
Does 138 divide 676890?
True
Is 8050788 a multiple of 18?
True
Is 6820130 a multiple of 109?
True